?
100
In base 3, what is -12221 - 12011?
-102002
In base 3, what is -2 - -2201?
2122
In base 7, what is 1026 - -10?
1036
In base 13, what is -16 - 14?
-2a
In base 11, what is -611 + -8?
-619
In base 9, what is -4 - -6?
2
In base 8, what is -1 - 214?
-215
In base 14, what is -4 - -199?
195
In base 13, what is -3 + -150?
-153
In base 9, what is -75 + -31?
-116
In base 14, what is 4 - -62?
66
In base 2, what is 1010010 - 0?
1010010
In base 15, what is d + -11?
-3
In base 4, what is -2 - 1023?
-1031
In base 12, what is 44 + 3?
47
In base 4, what is -2031 + 3?
-2022
In base 10, what is -14036 - -3?
-14033
In base 15, what is -8 - 86?
-8e
In base 4, what is -1313110 + -2?
-1313112
In base 4, what is 21 + 222133?
222220
In base 5, what is 2031 - -130?
2211
In base 6, what is -23 + 4?
-15
In base 2, what is -1100010 - -11000?
-1001010
In base 13, what is 40 + -1?
3c
In base 12, what is 83 - -1?
84
In base 3, what is -122 + -12221?
-20120
In base 6, what is -31 + 101?
30
In base 4, what is 32 + 1002?
1100
In base 6, what is 22 - 41?
-15
In base 16, what is -19 - 3?
-1c
In base 4, what is 103200 - -3?
103203
In base 10, what is 5 - -757?
762
In base 6, what is 5 + -120?
-111
In base 9, what is -54435 - -5?
-54430
In base 7, what is -13 - -55?
42
In base 8, what is 22 - 25?
-3
In base 12, what is -261 - -11?
-250
In base 10, what is -11 - 6?
-17
In base 8, what is -37 + 10?
-27
In base 2, what is 10110 - -1111?
100101
In base 3, what is 12 + 1121?
1210
In base 12, what is -4a4 - -4?
-4a0
In base 2, what is -1 - -110101010010?
110101010001
In base 8, what is 2416 + -1?
2415
In base 16, what is 13 + -4b?
-38
In base 6, what is 100 - -255?
355
In base 7, what is 13 + -4?
6
In base 7, what is 3 - 16?
-13
In base 3, what is 1210120 - -12?
1210202
In base 4, what is -1121 + -13?
-1200
In base 9, what is 7 + 150?
157
In base 4, what is 3 + 20003?
20012
In base 16, what is 11b - 5?
116
In base 8, what is 22 + 25?
47
In base 16, what is da - 4?
d6
In base 9, what is 125 - 32?
83
In base 5, what is 124 - -14?
143
In base 6, what is -14315 - 2?
-14321
In base 12, what is 44b - 2?
449
In base 13, what is -1c + 0?
-1c
In base 13, what is 53 + 3a?
90
In base 5, what is -13 + 220?
202
In base 15, what is 2 + -7?
-5
In base 12, what is 596 - 0?
596
In base 13, what is -2 - -1348?
1346
In base 6, what is -4023 - 1?
-4024
In base 15, what is -5 + -284?
-289
In base 8, what is -125 + 4?
-121
In base 15, what is 1 - -1546?
1547
In base 5, what is 123 - -331?
1004
In base 3, what is 1101 + 1220?
10021
In base 13, what is 2cb1 + -4?
2caa
In base 10, what is 149 + 13?
162
In base 4, what is -10102 - 310?
-11012
In base 5, what is -2 + -230?
-232
In base 9, what is 227 - 12?
215
In base 15, what is 83a - -4?
83e
In base 10, what is 72 + 5?
77
In base 6, what is 143 + -4?
135
In base 7, what is -5 + -2?
-10
In base 5, what is 3 - 343?
-340
In base 13, what is 2 + a4?
a6
In base 5, what is 103 - -13?
121
In base 7, what is -3 - 60?
-63
In base 16, what is -7 - -11b?
114
In base 5, what is 2 + -11?
-4
In base 4, what is 33 + -312?
-213
In base 10, what is 2 - -19?
21
In base 11, what is 51 + 1a2?
243
In base 15, what is 5a + ce?
139
In base 16, what is 0 + -15?
-15
In base 9, what is -1212 + -8?
-1221
In base 5, what is 12 + -33312?
-33300
In base 6, what is -22405 + -5?
-22414
In base 2, what is 10 + -11100100?
-11100010
In base 8, what is -63 + -24?
-107
In base 8, what is -1 + -4143?
-4144
In base 7, what is -422 + 1?
-421
In base 3, what is -11001222 + -12?
-11002011
In base 13, what is 0 - -202?
202
In base 14, what is -1 + a1?
a0
In base 3, what is -211 - -1112102?
1111121
In base 2, what is -10 - -100111?
100101
In base 16, what is -2 + -72?
-74
In base 16, what is -168 + 33?
-135
In base 5, what is -123042 + 1?
-123041
In base 14, what is -1 - 28?
-29
In base 12, what is 7 + -285a?
-2853
In base 14, what is 113 - 2?
111
In base 5, what is -2422 - 2?
-2424
In base 13, what is -2 + -15?
-17
In base 7, what is -2 - -31?
26
In base 5, what is 2140 - -1?
2141
In base 16, what is dfc - -4?
e00
In base 15, what is -bd + -11?
-ce
In base 11, what is 7 + -31?
-25
In base 12, what is -15 + 15?
0
In base 15, what is -5 + 2a7?
2a2
In base 12, what is 75 - -5?
7a
In base 14, what is -2d - 4?
-33
In base 10, what is 30 + -207?
-177
In base 10, what is 415 + -1?
414
In base 3, what is 1111 - 0?
1111
In base 13, what is 12 + -1b?
-9
In base 15, what is -5 + 6a?
65
In base 7, what is -2 - -402?
400
In base 12, what is 1370 - -5?
1375
In base 9, what is -1 - 66?
-67
In base 8, what is -26 - 1?
-27
In base 3, what is -10201001220 - 10?
-10201002000
In base 3, what is 2221 + -2?
2212
In base 16, what is -3 + -3b?
-3e
In base 16, what is -1361 - 5?
-1366
In base 16, what is 0 - -68?
68
In base 14, what is a + 1b1?
1bb
In base 16, what is 6 + -1?
5
In base 5, what is 10 - 101140?
-101130
In base 10, what is -1 - -1501?
1500
In base 10, what is 204 + 34?
238
In base 10, what is -492 + 5?
-487
In base 2, what is 1000011 - -11011?
1011110
In base 9, what is -4 + 31?
26
In base 5, what is 43 + 12?
110
In base 2, what is 1001 + 101000110110?
101000111111
In base 14, what is -2a - 152?
-17c
In base 7, what is -441 + -11?
-452
In base 11, what is 5 - -71?
76
In base 2, what is -1001100 - -110?
-1000110
In base 2, what is 1000 + -10110001?
-10101001
In base 3, what is 1 - -221?
222
In base 2, what is 110 - -101001101?
101010011
In base 13, what is -1 - -1b9?
1b8
In base 12, what is 7328 - -1?
7329
In base 4, what is -10 - 1202?
-1212
In base 14, what is 3 + -4?
-1
In base 4, what is -10 - 21020?
-21030
In base 7, what is -50 + 6?
-41
In base 15, what is 2e6 + 18?
30e
In base 6, what is 35550 + -1?
35545
In base 16, what is 1e + 1?
1f
In base 10, what is 5059 + -3?
5056
In base 16, what is -5 - 7f1?
-7f6
In base 12, what is -506 + 0?
-506
In base 2, what is -10001011100 + 10?
-10001011010
In base 15, what is -5 - -e?
9
In base 4, what is -13 + 122?
103
In base 11, what is a7 - -3?
aa
In base 7, what is 1303 - -3?
1306
In base 7, what is -13641 + -5?
-13646
In base 16, what is -2 + 14a?
148
In base 16, what is -1 - 152?
-153
In base 14, what is 5 - -1b72?
1b77
In base 6, what is -1341 + 0?
-1341
In base 13, what is -112 - -17?
-c8
In base 6, what is -11 + 3?
-4
In base 11, what is -9 + -512?
-520
In base 5, what is -134414 - 10?
-134424
In base 2, what is 1100110010011 - -11?
1100110010110
In base 4, what is 122 - -130?
312
In base 12, what is 59b + 5?
5a4
In base 13, what is -11 + 118?
107
In base 5, what is 2 + -30?
-23
In base 4, what is 2 - 11013?
-11011
In base 10, what is 28 - -9?
37
In base 12, what is -5 + 893?
88a
In base 12, what is 15 - 100?
-a7
In base 5, what is -31 - 120?
-201
In base 12, what is 3 + 2?
5
In base 14, what is 380 - -4?
384
In base 7, what is -45 + -5?
-53
In base 15, what is 28 - -e?
37
In base 14, what is 2 - d?
-b
In base 5, what is -301 - 2?
-303
In base 5, what is 103202 - -10?
103212
In base 5, what is 2 + -30?
-23
In base 5, what is -2334 + 114?
-2220
In base 16, what is 2 - 3e?
-3c
In base 13, what is -1 - 16?
-17
In base 6, what is 2 + 203?
205
In base 12, what is -5 - 246?
-24b
In base 5, what is 1144 + 1?
1200
In base 7, what is -131 - 414?
-545
In base 2, what is 1011011111 - -10?
1011100001
In base 11, what is -24 - 14?
-38
In base 11, what is -5 + 162?
158
In base 4, what is -10 - 12011?
-12021
In base 8, what is 435 + 5?
442
In base 11, what is 3 - 105?
-102
In base 5, what is -121 - 30?
-201
In base 6, what is 20103 + -2?
20101
In base 4, what is -1 + 10321?
10320
In base 5, what is 2 - 313?
-311
In base 4, what is -103 - 122?
-231
In base 12, what is 8 - 23?
-17
In base 14, what is -b + -5c?
-69
In base 12, what is -3 - -aa?
a7
In base 6, what is -1335 - -103?
-1232
In base 3, what is -1 + -10010121?
-10010122
In base 4, what is 33 - -13?
112
In base 16, what is -14e + 4?
-14a
In base 10, what is 5 - 1783?
-1778
In base 2, what is -100 - -101100?
101000
In base 12, what is 0 + -49?
-49
In base 5, what is 11 + -14?
-3
In base 10, what is -23 + 9?
-14
In base 16, what is -12 - -ba?
a8
In base 12, what is 14 + -351?
-339
In base 2, what is 101000000 + 11000?
101011000
In base 16, what is 4 - -18?
1c
In base 7, what is 26614 - 4?
26610
In base 10, what is -1